{"id":6,"date":"2021-08-27T18:20:51","date_gmt":"2021-08-27T15:20:51","guid":{"rendered":"\/rottas\/?page_id=6"},"modified":"2026-03-20T20:54:12","modified_gmt":"2026-03-20T20:54:12","slug":"home","status":"publish","type":"page","link":"https:\/\/rottasconstrutora.com.br\/rottas\/","title":{"rendered":"Home"},"content":{"rendered":"","protected":false},"excerpt":{"rendered":"","protected":false},"author":1,"featured_media":0,"parent":0,"menu_order":0,"comment_status":"closed","ping_status":"closed","template":"page-home.php","meta":{"inline_featured_image":false,"footnotes":""},"class_list":["post-6","page","type-page","status-publish","hentry"],"acf":[],"yoast_head":"<!-- This site is optimized with the Yoast SEO plugin v27.5 - https:\/\/yoast.com\/product\/yoast-seo-wordpress\/ -->\n<title>Home - Rottas Construtora<\/title>\n<meta name=\"description\" content=\"Com a Rottas Construtora, voc\u00ea pode. Desfrute de uma vida cheia de \u00f3timas experi\u00eancias. Im\u00f3veis em Curitiba, PG e Londrina. Confira!\" \/>\n<meta name=\"robots\" content=\"index, follow, max-snippet:-1, max-image-preview:large, max-video-preview:-1\" \/>\n<link rel=\"canonical\" href=\"https:\/\/rottasconstrutora.com.br\/rottas\/\" \/>\n<meta property=\"og:locale\" content=\"pt_BR\" \/>\n<meta property=\"og:type\" content=\"article\" \/>\n<meta property=\"og:title\" content=\"Home - Rottas Construtora\" \/>\n<meta property=\"og:description\" content=\"Com a Rottas Construtora, voc\u00ea pode. Desfrute de uma vida cheia de \u00f3timas experi\u00eancias. Im\u00f3veis em Curitiba, PG e Londrina. Confira!\" \/>\n<meta property=\"og:url\" content=\"https:\/\/rottasconstrutora.com.br\/rottas\/\" \/>\n<meta property=\"og:site_name\" content=\"Rottas Construtora\" \/>\n<meta property=\"article:modified_time\" content=\"2026-03-20T20:54:12+00:00\" \/>\n<meta name=\"twitter:card\" content=\"summary_large_image\" \/>\n<script type=\"application\/ld+json\" class=\"yoast-schema-graph\">{\"@context\":\"https:\\\/\\\/schema.org\",\"@graph\":[{\"@type\":\"WebPage\",\"@id\":\"https:\\\/\\\/rottasconstrutora.com.br\\\/rottas\\\/\",\"url\":\"https:\\\/\\\/rottasconstrutora.com.br\\\/rottas\\\/\",\"name\":\"Home - Rottas Construtora\",\"isPartOf\":{\"@id\":\"https:\\\/\\\/rottasconstrutora.com.br\\\/rottas\\\/#website\"},\"datePublished\":\"2021-08-27T15:20:51+00:00\",\"dateModified\":\"2026-03-20T20:54:12+00:00\",\"description\":\"Com a Rottas Construtora, voc\u00ea pode. Desfrute de uma vida cheia de \u00f3timas experi\u00eancias. Im\u00f3veis em Curitiba, PG e Londrina. Confira!\",\"breadcrumb\":{\"@id\":\"https:\\\/\\\/rottasconstrutora.com.br\\\/rottas\\\/#breadcrumb\"},\"inLanguage\":\"pt-BR\",\"potentialAction\":[{\"@type\":\"ReadAction\",\"target\":[\"https:\\\/\\\/rottasconstrutora.com.br\\\/rottas\\\/\"]}]},{\"@type\":\"BreadcrumbList\",\"@id\":\"https:\\\/\\\/rottasconstrutora.com.br\\\/rottas\\\/#breadcrumb\",\"itemListElement\":[{\"@type\":\"ListItem\",\"position\":1,\"name\":\"Rottas\",\"item\":\"https:\\\/\\\/rottasconstrutora.com.br\\\/rottas\\\/\"},{\"@type\":\"ListItem\",\"position\":2,\"name\":\"Home\"}]},{\"@type\":\"WebSite\",\"@id\":\"https:\\\/\\\/rottasconstrutora.com.br\\\/rottas\\\/#website\",\"url\":\"https:\\\/\\\/rottasconstrutora.com.br\\\/rottas\\\/\",\"name\":\"Rottas Construtora\",\"description\":\"Just another WordPress site\",\"potentialAction\":[{\"@type\":\"SearchAction\",\"target\":{\"@type\":\"EntryPoint\",\"urlTemplate\":\"https:\\\/\\\/rottasconstrutora.com.br\\\/rottas\\\/?s={search_term_string}\"},\"query-input\":{\"@type\":\"PropertyValueSpecification\",\"valueRequired\":true,\"valueName\":\"search_term_string\"}}],\"inLanguage\":\"pt-BR\"}]}<\/script>\n<!-- \/ Yoast SEO plugin. -->","yoast_head_json":{"title":"Home - Rottas Construtora","description":"Com a Rottas Construtora, voc\u00ea pode. Desfrute de uma vida cheia de \u00f3timas experi\u00eancias. Im\u00f3veis em Curitiba, PG e Londrina. Confira!","robots":{"index":"index","follow":"follow","max-snippet":"max-snippet:-1","max-image-preview":"max-image-preview:large","max-video-preview":"max-video-preview:-1"},"canonical":"https:\/\/rottasconstrutora.com.br\/rottas\/","og_locale":"pt_BR","og_type":"article","og_title":"Home - Rottas Construtora","og_description":"Com a Rottas Construtora, voc\u00ea pode. Desfrute de uma vida cheia de \u00f3timas experi\u00eancias. Im\u00f3veis em Curitiba, PG e Londrina. Confira!","og_url":"https:\/\/rottasconstrutora.com.br\/rottas\/","og_site_name":"Rottas Construtora","article_modified_time":"2026-03-20T20:54:12+00:00","twitter_card":"summary_large_image","schema":{"@context":"https:\/\/schema.org","@graph":[{"@type":"WebPage","@id":"https:\/\/rottasconstrutora.com.br\/rottas\/","url":"https:\/\/rottasconstrutora.com.br\/rottas\/","name":"Home - Rottas Construtora","isPartOf":{"@id":"https:\/\/rottasconstrutora.com.br\/rottas\/#website"},"datePublished":"2021-08-27T15:20:51+00:00","dateModified":"2026-03-20T20:54:12+00:00","description":"Com a Rottas Construtora, voc\u00ea pode. Desfrute de uma vida cheia de \u00f3timas experi\u00eancias. Im\u00f3veis em Curitiba, PG e Londrina. Confira!","breadcrumb":{"@id":"https:\/\/rottasconstrutora.com.br\/rottas\/#breadcrumb"},"inLanguage":"pt-BR","potentialAction":[{"@type":"ReadAction","target":["https:\/\/rottasconstrutora.com.br\/rottas\/"]}]},{"@type":"BreadcrumbList","@id":"https:\/\/rottasconstrutora.com.br\/rottas\/#breadcrumb","itemListElement":[{"@type":"ListItem","position":1,"name":"Rottas","item":"https:\/\/rottasconstrutora.com.br\/rottas\/"},{"@type":"ListItem","position":2,"name":"Home"}]},{"@type":"WebSite","@id":"https:\/\/rottasconstrutora.com.br\/rottas\/#website","url":"https:\/\/rottasconstrutora.com.br\/rottas\/","name":"Rottas Construtora","description":"Just another WordPress site","potentialAction":[{"@type":"SearchAction","target":{"@type":"EntryPoint","urlTemplate":"https:\/\/rottasconstrutora.com.br\/rottas\/?s={search_term_string}"},"query-input":{"@type":"PropertyValueSpecification","valueRequired":true,"valueName":"search_term_string"}}],"inLanguage":"pt-BR"}]}},"_links":{"self":[{"href":"https:\/\/rottasconstrutora.com.br\/rottas\/wp-json\/wp\/v2\/pages\/6","targetHints":{"allow":["GET"]}}],"collection":[{"href":"https:\/\/rottasconstrutora.com.br\/rottas\/wp-json\/wp\/v2\/pages"}],"about":[{"href":"https:\/\/rottasconstrutora.com.br\/rottas\/wp-json\/wp\/v2\/types\/page"}],"author":[{"embeddable":true,"href":"https:\/\/rottasconstrutora.com.br\/rottas\/wp-json\/wp\/v2\/users\/1"}],"replies":[{"embeddable":true,"href":"https:\/\/rottasconstrutora.com.br\/rottas\/wp-json\/wp\/v2\/comments?post=6"}],"version-history":[{"count":145,"href":"https:\/\/rottasconstrutora.com.br\/rottas\/wp-json\/wp\/v2\/pages\/6\/revisions"}],"predecessor-version":[{"id":7495,"href":"https:\/\/rottasconstrutora.com.br\/rottas\/wp-json\/wp\/v2\/pages\/6\/revisions\/7495"}],"wp:attachment":[{"href":"https:\/\/rottasconstrutora.com.br\/rottas\/wp-json\/wp\/v2\/media?parent=6"}],"curies":[{"name":"wp","href":"https:\/\/api.w.org\/{rel}","templated":true}]}}