{"id":236,"date":"2021-08-31T18:44:57","date_gmt":"2021-08-31T15:44:57","guid":{"rendered":"\/rottas\/?page_id=236"},"modified":"2021-10-29T17:40:21","modified_gmt":"2021-10-29T17:40:21","slug":"compramos-seu-terreno","status":"publish","type":"page","link":"https:\/\/rottasconstrutora.com.br\/rottas\/compramos-seu-terreno\/","title":{"rendered":"Compramos seu Terreno"},"content":{"rendered":"","protected":false},"excerpt":{"rendered":"","protected":false},"author":1,"featured_media":0,"parent":0,"menu_order":0,"comment_status":"closed","ping_status":"closed","template":"page-compramosterreno.php","meta":{"inline_featured_image":false,"footnotes":""},"class_list":["post-236","page","type-page","status-publish","hentry"],"acf":[],"yoast_head":"<!-- This site is optimized with the Yoast SEO plugin v27.3 - https:\/\/yoast.com\/product\/yoast-seo-wordpress\/ -->\n<title>Compramos seu Terreno - Rottas Construtora<\/title>\n<meta name=\"description\" content=\"Informa\u00e7\u00f5es quando comprados seu terreno, confira o site da Rottas Construtora, que honra sua hist\u00f3ria e faz quest\u00e3o de sempre evoluir.\" \/>\n<meta name=\"robots\" content=\"index, follow, max-snippet:-1, max-image-preview:large, max-video-preview:-1\" \/>\n<link rel=\"canonical\" href=\"https:\/\/rottasconstrutora.com.br\/rottas\/compramos-seu-terreno\/\" \/>\n<meta property=\"og:locale\" content=\"pt_BR\" \/>\n<meta property=\"og:type\" content=\"article\" \/>\n<meta property=\"og:title\" content=\"Compramos seu Terreno - Rottas Construtora\" \/>\n<meta property=\"og:description\" content=\"Informa\u00e7\u00f5es quando comprados seu terreno, confira o site da Rottas Construtora, que honra sua hist\u00f3ria e faz quest\u00e3o de sempre evoluir.\" \/>\n<meta property=\"og:url\" content=\"https:\/\/rottasconstrutora.com.br\/rottas\/compramos-seu-terreno\/\" \/>\n<meta property=\"og:site_name\" content=\"Rottas Construtora\" \/>\n<meta property=\"article:modified_time\" content=\"2021-10-29T17:40:21+00:00\" \/>\n<meta name=\"twitter:card\" content=\"summary_large_image\" \/>\n<script type=\"application\/ld+json\" class=\"yoast-schema-graph\">{\"@context\":\"https:\\\/\\\/schema.org\",\"@graph\":[{\"@type\":\"WebPage\",\"@id\":\"https:\\\/\\\/rottasconstrutora.com.br\\\/rottas\\\/compramos-seu-terreno\\\/\",\"url\":\"https:\\\/\\\/rottasconstrutora.com.br\\\/rottas\\\/compramos-seu-terreno\\\/\",\"name\":\"Compramos seu Terreno - Rottas Construtora\",\"isPartOf\":{\"@id\":\"https:\\\/\\\/rottasconstrutora.com.br\\\/rottas\\\/#website\"},\"datePublished\":\"2021-08-31T15:44:57+00:00\",\"dateModified\":\"2021-10-29T17:40:21+00:00\",\"description\":\"Informa\u00e7\u00f5es quando comprados seu terreno, confira o site da Rottas Construtora, que honra sua hist\u00f3ria e faz quest\u00e3o de sempre evoluir.\",\"breadcrumb\":{\"@id\":\"https:\\\/\\\/rottasconstrutora.com.br\\\/rottas\\\/compramos-seu-terreno\\\/#breadcrumb\"},\"inLanguage\":\"pt-BR\",\"potentialAction\":[{\"@type\":\"ReadAction\",\"target\":[\"https:\\\/\\\/rottasconstrutora.com.br\\\/rottas\\\/compramos-seu-terreno\\\/\"]}]},{\"@type\":\"BreadcrumbList\",\"@id\":\"https:\\\/\\\/rottasconstrutora.com.br\\\/rottas\\\/compramos-seu-terreno\\\/#breadcrumb\",\"itemListElement\":[{\"@type\":\"ListItem\",\"position\":1,\"name\":\"Rottas\",\"item\":\"https:\\\/\\\/rottasconstrutora.com.br\\\/rottas\\\/\"},{\"@type\":\"ListItem\",\"position\":2,\"name\":\"Compramos seu Terreno\"}]},{\"@type\":\"WebSite\",\"@id\":\"https:\\\/\\\/rottasconstrutora.com.br\\\/rottas\\\/#website\",\"url\":\"https:\\\/\\\/rottasconstrutora.com.br\\\/rottas\\\/\",\"name\":\"Rottas Construtora\",\"description\":\"Just another WordPress site\",\"potentialAction\":[{\"@type\":\"SearchAction\",\"target\":{\"@type\":\"EntryPoint\",\"urlTemplate\":\"https:\\\/\\\/rottasconstrutora.com.br\\\/rottas\\\/?s={search_term_string}\"},\"query-input\":{\"@type\":\"PropertyValueSpecification\",\"valueRequired\":true,\"valueName\":\"search_term_string\"}}],\"inLanguage\":\"pt-BR\"}]}<\/script>\n<!-- \/ Yoast SEO plugin. -->","yoast_head_json":{"title":"Compramos seu Terreno - Rottas Construtora","description":"Informa\u00e7\u00f5es quando comprados seu terreno, confira o site da Rottas Construtora, que honra sua hist\u00f3ria e faz quest\u00e3o de sempre evoluir.","robots":{"index":"index","follow":"follow","max-snippet":"max-snippet:-1","max-image-preview":"max-image-preview:large","max-video-preview":"max-video-preview:-1"},"canonical":"https:\/\/rottasconstrutora.com.br\/rottas\/compramos-seu-terreno\/","og_locale":"pt_BR","og_type":"article","og_title":"Compramos seu Terreno - Rottas Construtora","og_description":"Informa\u00e7\u00f5es quando comprados seu terreno, confira o site da Rottas Construtora, que honra sua hist\u00f3ria e faz quest\u00e3o de sempre evoluir.","og_url":"https:\/\/rottasconstrutora.com.br\/rottas\/compramos-seu-terreno\/","og_site_name":"Rottas Construtora","article_modified_time":"2021-10-29T17:40:21+00:00","twitter_card":"summary_large_image","schema":{"@context":"https:\/\/schema.org","@graph":[{"@type":"WebPage","@id":"https:\/\/rottasconstrutora.com.br\/rottas\/compramos-seu-terreno\/","url":"https:\/\/rottasconstrutora.com.br\/rottas\/compramos-seu-terreno\/","name":"Compramos seu Terreno - Rottas Construtora","isPartOf":{"@id":"https:\/\/rottasconstrutora.com.br\/rottas\/#website"},"datePublished":"2021-08-31T15:44:57+00:00","dateModified":"2021-10-29T17:40:21+00:00","description":"Informa\u00e7\u00f5es quando comprados seu terreno, confira o site da Rottas Construtora, que honra sua hist\u00f3ria e faz quest\u00e3o de sempre evoluir.","breadcrumb":{"@id":"https:\/\/rottasconstrutora.com.br\/rottas\/compramos-seu-terreno\/#breadcrumb"},"inLanguage":"pt-BR","potentialAction":[{"@type":"ReadAction","target":["https:\/\/rottasconstrutora.com.br\/rottas\/compramos-seu-terreno\/"]}]},{"@type":"BreadcrumbList","@id":"https:\/\/rottasconstrutora.com.br\/rottas\/compramos-seu-terreno\/#breadcrumb","itemListElement":[{"@type":"ListItem","position":1,"name":"Rottas","item":"https:\/\/rottasconstrutora.com.br\/rottas\/"},{"@type":"ListItem","position":2,"name":"Compramos seu Terreno"}]},{"@type":"WebSite","@id":"https:\/\/rottasconstrutora.com.br\/rottas\/#website","url":"https:\/\/rottasconstrutora.com.br\/rottas\/","name":"Rottas Construtora","description":"Just another WordPress site","potentialAction":[{"@type":"SearchAction","target":{"@type":"EntryPoint","urlTemplate":"https:\/\/rottasconstrutora.com.br\/rottas\/?s={search_term_string}"},"query-input":{"@type":"PropertyValueSpecification","valueRequired":true,"valueName":"search_term_string"}}],"inLanguage":"pt-BR"}]}},"_links":{"self":[{"href":"https:\/\/rottasconstrutora.com.br\/rottas\/wp-json\/wp\/v2\/pages\/236","targetHints":{"allow":["GET"]}}],"collection":[{"href":"https:\/\/rottasconstrutora.com.br\/rottas\/wp-json\/wp\/v2\/pages"}],"about":[{"href":"https:\/\/rottasconstrutora.com.br\/rottas\/wp-json\/wp\/v2\/types\/page"}],"author":[{"embeddable":true,"href":"https:\/\/rottasconstrutora.com.br\/rottas\/wp-json\/wp\/v2\/users\/1"}],"replies":[{"embeddable":true,"href":"https:\/\/rottasconstrutora.com.br\/rottas\/wp-json\/wp\/v2\/comments?post=236"}],"version-history":[{"count":1,"href":"https:\/\/rottasconstrutora.com.br\/rottas\/wp-json\/wp\/v2\/pages\/236\/revisions"}],"predecessor-version":[{"id":3379,"href":"https:\/\/rottasconstrutora.com.br\/rottas\/wp-json\/wp\/v2\/pages\/236\/revisions\/3379"}],"wp:attachment":[{"href":"https:\/\/rottasconstrutora.com.br\/rottas\/wp-json\/wp\/v2\/media?parent=236"}],"curies":[{"name":"wp","href":"https:\/\/api.w.org\/{rel}","templated":true}]}}