{"id":225,"date":"2021-08-31T14:52:56","date_gmt":"2021-08-31T11:52:56","guid":{"rendered":"\/rottas\/?page_id=225"},"modified":"2021-10-21T14:06:18","modified_gmt":"2021-10-21T14:06:18","slug":"seja-um-fornecedor","status":"publish","type":"page","link":"https:\/\/rottasconstrutora.com.br\/rottas\/seja-um-fornecedor\/","title":{"rendered":"Seja um Fornecedor"},"content":{"rendered":"","protected":false},"excerpt":{"rendered":"","protected":false},"author":1,"featured_media":0,"parent":0,"menu_order":0,"comment_status":"closed","ping_status":"closed","template":"page-sejaumfornecedor.php","meta":{"inline_featured_image":false,"footnotes":""},"class_list":["post-225","page","type-page","status-publish","hentry"],"acf":[],"yoast_head":"<!-- This site is optimized with the Yoast SEO plugin v27.5 - https:\/\/yoast.com\/product\/yoast-seo-wordpress\/ -->\n<title>Seja um Fornecedor - Rottas Construtora<\/title>\n<meta name=\"description\" content=\"Seja fornecedor de uma das maiores construtoras do Brasil e ajude a construir essa hist\u00f3ria de sucesso. Para ser um de nossos parceiros, basta preencher o formul\u00e1rio abaixo detalhando seus produtos e servi\u00e7os e aguardar o retorno da equipe Rottas.\" \/>\n<meta name=\"robots\" content=\"index, follow, max-snippet:-1, max-image-preview:large, max-video-preview:-1\" \/>\n<link rel=\"canonical\" href=\"https:\/\/rottasconstrutora.com.br\/rottas\/seja-um-fornecedor\/\" \/>\n<meta property=\"og:locale\" content=\"pt_BR\" \/>\n<meta property=\"og:type\" content=\"article\" \/>\n<meta property=\"og:title\" content=\"Seja um Fornecedor - Rottas Construtora\" \/>\n<meta property=\"og:description\" content=\"Seja fornecedor de uma das maiores construtoras do Brasil e ajude a construir essa hist\u00f3ria de sucesso. Para ser um de nossos parceiros, basta preencher o formul\u00e1rio abaixo detalhando seus produtos e servi\u00e7os e aguardar o retorno da equipe Rottas.\" \/>\n<meta property=\"og:url\" content=\"https:\/\/rottasconstrutora.com.br\/rottas\/seja-um-fornecedor\/\" \/>\n<meta property=\"og:site_name\" content=\"Rottas Construtora\" \/>\n<meta property=\"article:modified_time\" content=\"2021-10-21T14:06:18+00:00\" \/>\n<meta name=\"twitter:card\" content=\"summary_large_image\" \/>\n<script type=\"application\/ld+json\" class=\"yoast-schema-graph\">{\"@context\":\"https:\\\/\\\/schema.org\",\"@graph\":[{\"@type\":\"WebPage\",\"@id\":\"https:\\\/\\\/rottasconstrutora.com.br\\\/rottas\\\/seja-um-fornecedor\\\/\",\"url\":\"https:\\\/\\\/rottasconstrutora.com.br\\\/rottas\\\/seja-um-fornecedor\\\/\",\"name\":\"Seja um Fornecedor - Rottas Construtora\",\"isPartOf\":{\"@id\":\"https:\\\/\\\/rottasconstrutora.com.br\\\/rottas\\\/#website\"},\"datePublished\":\"2021-08-31T11:52:56+00:00\",\"dateModified\":\"2021-10-21T14:06:18+00:00\",\"description\":\"Seja fornecedor de uma das maiores construtoras do Brasil e ajude a construir essa hist\u00f3ria de sucesso. Para ser um de nossos parceiros, basta preencher o formul\u00e1rio abaixo detalhando seus produtos e servi\u00e7os e aguardar o retorno da equipe Rottas.\",\"breadcrumb\":{\"@id\":\"https:\\\/\\\/rottasconstrutora.com.br\\\/rottas\\\/seja-um-fornecedor\\\/#breadcrumb\"},\"inLanguage\":\"pt-BR\",\"potentialAction\":[{\"@type\":\"ReadAction\",\"target\":[\"https:\\\/\\\/rottasconstrutora.com.br\\\/rottas\\\/seja-um-fornecedor\\\/\"]}]},{\"@type\":\"BreadcrumbList\",\"@id\":\"https:\\\/\\\/rottasconstrutora.com.br\\\/rottas\\\/seja-um-fornecedor\\\/#breadcrumb\",\"itemListElement\":[{\"@type\":\"ListItem\",\"position\":1,\"name\":\"Rottas\",\"item\":\"https:\\\/\\\/rottasconstrutora.com.br\\\/rottas\\\/\"},{\"@type\":\"ListItem\",\"position\":2,\"name\":\"Seja um Fornecedor\"}]},{\"@type\":\"WebSite\",\"@id\":\"https:\\\/\\\/rottasconstrutora.com.br\\\/rottas\\\/#website\",\"url\":\"https:\\\/\\\/rottasconstrutora.com.br\\\/rottas\\\/\",\"name\":\"Rottas Construtora\",\"description\":\"Just another WordPress site\",\"potentialAction\":[{\"@type\":\"SearchAction\",\"target\":{\"@type\":\"EntryPoint\",\"urlTemplate\":\"https:\\\/\\\/rottasconstrutora.com.br\\\/rottas\\\/?s={search_term_string}\"},\"query-input\":{\"@type\":\"PropertyValueSpecification\",\"valueRequired\":true,\"valueName\":\"search_term_string\"}}],\"inLanguage\":\"pt-BR\"}]}<\/script>\n<!-- \/ Yoast SEO plugin. -->","yoast_head_json":{"title":"Seja um Fornecedor - Rottas Construtora","description":"Seja fornecedor de uma das maiores construtoras do Brasil e ajude a construir essa hist\u00f3ria de sucesso. Para ser um de nossos parceiros, basta preencher o formul\u00e1rio abaixo detalhando seus produtos e servi\u00e7os e aguardar o retorno da equipe Rottas.","robots":{"index":"index","follow":"follow","max-snippet":"max-snippet:-1","max-image-preview":"max-image-preview:large","max-video-preview":"max-video-preview:-1"},"canonical":"https:\/\/rottasconstrutora.com.br\/rottas\/seja-um-fornecedor\/","og_locale":"pt_BR","og_type":"article","og_title":"Seja um Fornecedor - Rottas Construtora","og_description":"Seja fornecedor de uma das maiores construtoras do Brasil e ajude a construir essa hist\u00f3ria de sucesso. Para ser um de nossos parceiros, basta preencher o formul\u00e1rio abaixo detalhando seus produtos e servi\u00e7os e aguardar o retorno da equipe Rottas.","og_url":"https:\/\/rottasconstrutora.com.br\/rottas\/seja-um-fornecedor\/","og_site_name":"Rottas Construtora","article_modified_time":"2021-10-21T14:06:18+00:00","twitter_card":"summary_large_image","schema":{"@context":"https:\/\/schema.org","@graph":[{"@type":"WebPage","@id":"https:\/\/rottasconstrutora.com.br\/rottas\/seja-um-fornecedor\/","url":"https:\/\/rottasconstrutora.com.br\/rottas\/seja-um-fornecedor\/","name":"Seja um Fornecedor - Rottas Construtora","isPartOf":{"@id":"https:\/\/rottasconstrutora.com.br\/rottas\/#website"},"datePublished":"2021-08-31T11:52:56+00:00","dateModified":"2021-10-21T14:06:18+00:00","description":"Seja fornecedor de uma das maiores construtoras do Brasil e ajude a construir essa hist\u00f3ria de sucesso. Para ser um de nossos parceiros, basta preencher o formul\u00e1rio abaixo detalhando seus produtos e servi\u00e7os e aguardar o retorno da equipe Rottas.","breadcrumb":{"@id":"https:\/\/rottasconstrutora.com.br\/rottas\/seja-um-fornecedor\/#breadcrumb"},"inLanguage":"pt-BR","potentialAction":[{"@type":"ReadAction","target":["https:\/\/rottasconstrutora.com.br\/rottas\/seja-um-fornecedor\/"]}]},{"@type":"BreadcrumbList","@id":"https:\/\/rottasconstrutora.com.br\/rottas\/seja-um-fornecedor\/#breadcrumb","itemListElement":[{"@type":"ListItem","position":1,"name":"Rottas","item":"https:\/\/rottasconstrutora.com.br\/rottas\/"},{"@type":"ListItem","position":2,"name":"Seja um Fornecedor"}]},{"@type":"WebSite","@id":"https:\/\/rottasconstrutora.com.br\/rottas\/#website","url":"https:\/\/rottasconstrutora.com.br\/rottas\/","name":"Rottas Construtora","description":"Just another WordPress site","potentialAction":[{"@type":"SearchAction","target":{"@type":"EntryPoint","urlTemplate":"https:\/\/rottasconstrutora.com.br\/rottas\/?s={search_term_string}"},"query-input":{"@type":"PropertyValueSpecification","valueRequired":true,"valueName":"search_term_string"}}],"inLanguage":"pt-BR"}]}},"_links":{"self":[{"href":"https:\/\/rottasconstrutora.com.br\/rottas\/wp-json\/wp\/v2\/pages\/225","targetHints":{"allow":["GET"]}}],"collection":[{"href":"https:\/\/rottasconstrutora.com.br\/rottas\/wp-json\/wp\/v2\/pages"}],"about":[{"href":"https:\/\/rottasconstrutora.com.br\/rottas\/wp-json\/wp\/v2\/types\/page"}],"author":[{"embeddable":true,"href":"https:\/\/rottasconstrutora.com.br\/rottas\/wp-json\/wp\/v2\/users\/1"}],"replies":[{"embeddable":true,"href":"https:\/\/rottasconstrutora.com.br\/rottas\/wp-json\/wp\/v2\/comments?post=225"}],"version-history":[{"count":2,"href":"https:\/\/rottasconstrutora.com.br\/rottas\/wp-json\/wp\/v2\/pages\/225\/revisions"}],"predecessor-version":[{"id":3221,"href":"https:\/\/rottasconstrutora.com.br\/rottas\/wp-json\/wp\/v2\/pages\/225\/revisions\/3221"}],"wp:attachment":[{"href":"https:\/\/rottasconstrutora.com.br\/rottas\/wp-json\/wp\/v2\/media?parent=225"}],"curies":[{"name":"wp","href":"https:\/\/api.w.org\/{rel}","templated":true}]}}